git of (-8 - -12)/(y/34)?
3
Let u(r) = -r**3 + 9*r**2 - 15*r. Suppose 24 - 4 = -5*f. Let w be 315/(-42)*f/5. What is the tens digit of u(w)?
1
Suppose -2*g + 49 = o, -3*o - 115 = -5*g + 2*o. Suppose l = g + 70. What is the tens digit of l?
9
Let k be 290/(-12) - (-12)/72. Let p = k - -32. What is the units digit of p?
8
Suppose -63 = j + 5*w, 372 = -2*j - 2*j + 4*w. Let g = -11 - j. Let p = g - 50. What is the units digit of p?
7
Let p(l) = 13*l**2 - 1. Let z be p(-3). Let o = 68 - z. Let y = o - -100. What is the tens digit of y?
5
Suppose 0 = 2*a + 5*b - 3855, 0 = 7*a - 3*a + b - 7665. What is the units digit of a?
5
Let h(u) = u**2. Let r(x) = 3*x**2 + 16*x - 6. Let g(d) = 2*h(d) - r(d). Let n(l) = -2*l**2 + 3*l + 5. Let b be n(4). What is the tens digit of g(b)?
2
Let l(q) = -q**2 - q + 2. Let a be l(1). Suppose a = -3*t + 15 + 6. Suppose -t*r = -5*r - 80. What is the units digit of r?
0
Let x = 144 - -28. What is the units digit of x?
2
Let y = 59 + -186. Let p be y/(-4) + (-6)/(-24). Let n = p - 22. What is the units digit of n?
0
Let r(k) = 9*k**2 - 3*k + 15. What is the units digit of r(6)?
1
Suppose x + 45 - 48 = 0. What is the tens digit of (x + -2)/(1/237)?
3
Let s = 15 + -13. Let u = 34 + s. What is the units digit of u?
6
Let z(b) be the second derivative of b**3/6 + 2*b**2 - 12*b. Let a(v) = -v**3 + 6*v**2 - 2. Let y be a(6). What is the units digit of z(y)?
2
What is the units digit of 2/((-2)/(-5581)) - (8 - 7)?
0
Suppose -12*y + 44*y - 18976 = 0. What is the tens digit of y?
9
Let g(l) = l**2 - 8*l - 16. Let d be g(10). What is the hundreds digit of (-13640)/(-60) + d/6?
2
What is the thousands digit of -1 + 5 + (-4 - (-2633 + 8))?
2
Suppose 12 = 2*k + 2*k. Let c = -35 + 35. Suppose c = 2*z - k*z + 17. What is the units digit of z?
7
Let c(y) = 6*y**2 + 157*y - 58. What is the units digit of c(-37)?
7
Let g = -45 + 630. What is the units digit of g?
5
Let g(w) = 6*w**2 - 42*w - 83. What is the hundreds digit of g(-23)?
0
Let x(j) = 56*j**2 + 8*j + 13. What is the hundreds digit of x(4)?
9
Let j be (-1)/(21/22 + -1). Suppose -3*v + 20 = -5*q, -4*v + 2*q = -0*q - j. Suppose v*c + 5 = 2*u, -u - 6*c + 2*c = -9. What is the units digit of u?
5
Let d(w) = w - 5. Let c be d(7). Suppose 0 = c*z - 13 - 31. Suppose 0*h = 3*h - 4*v - z, h - 2*v - 6 = 0. What is the tens digit of h?
1
Let y(x) = -14*x + 141. What is the units digit of y(-7)?
9
What is the hundreds digit of 8 + 6860*9/18?
4
Let z(h) = -3*h + 29. Let g(b) = -b + 14. Let o(p) = 5*g(p) - 2*z(p). What is the units digit of o(0)?
2
Let b(q) = -4*q**3 + q**2 + 4*q - 14. What is the units digit of b(-5)?
1
Suppose 3*s = 12, -3*c - s - s = -2546. Suppose -5*v = -174 - c. What is the units digit of v?
4
Let a be (-2)/12 - 25/(-6). Suppose -q = -3*q - a. What is the tens digit of 0/(3 + q) - -37?
3
Let v(j) = -19*j + 170. What is the tens digit of v(-27)?
8
Let m = 21 - -270. Let c = m + -192. What is the units digit of c?
9
Suppose v - 3*m = 1896, -v + 21 + 1900 = 2*m. What is the units digit of v?
1
Let s(o) = -14*o + 5. Let d(z) = -z + 1. Let i(w) = -2*d(w) - s(w). Let q be i(6). Suppose 3*x - q = -x - 3*j, -3*j = -x + 41. What is the tens digit of x?
2
Let d(i) = -i**3 + i**2 - i. Let k(g) = -g**2 - 1. Let f(b) = -d(b) - 2*k(b). Let v be f(0). What is the units digit of 6 + (-1)/(v/6)?
3
Suppose 3*p + 3*l - 1504 - 86 = 0, -p + 3*l = -530. What is the units digit of p?
0
Suppose 0 = 3*v + 5*o + 394, 2*v + 6*o - 4*o + 264 = 0. Let h = -86 - v. What is the tens digit of h?
4
Let x(v) = 34*v - 4 - 16*v - 23*v. Suppose 5*h + 47 = -3*p, 0 = 5*p - p + 16. What is the units digit of x(h)?
1
Suppose 5*u + 0*p = -2*p + 25, -4*p + 20 = 4*u. Let c be u/(-20) - 1/(-4). Suppose 2*n + 3*n - 100 = c. What is the tens digit of n?
2
Let p = -208 + 527. What is the tens digit of p?
1
Suppose 3*r - 800 = 2002. What is the units digit of r?
4
Suppose -b - 1 = -2*b, -y - 3*b = -3. Suppose y*q = 3*q - 300. What is the hundreds digit of q?
1
Let v = -32 + 32. Suppose v = -3*j + 2*j + 84. What is the units digit of j?
4
Suppose 5*c = -0*c + 10. Suppose -c*l - l = -6, -4 = -2*g + 2*l. What is the units digit of g?
4
Let o be 68/((6 - 5)/(2 + -4)). Let a = o + 241. What is the hundreds digit of a?
1
Let m(c) = -3*c - 9. Let d = 3 - 14. Let t(v) = v + 3. Let w be t(d). What is the tens digit of m(w)?
1
Let f(k) = 58*k**3 + k**2 - 1. Let g be f(-1). Let l = 10 - g. What is the tens digit of l?
6
Let n(q) = 482*q**2 + 8*q - 7. What is the hundreds digit of n(1)?
4
Let x(m) = -5*m + 5*m**2 + 3*m - m**3 + 3*m - 4*m + 3. What is the units digit of x(4)?
7
Suppose u - 381 = -5*s, -4*s + 9*s + 2025 = 5*u. What is the hundreds digit of u?
4
Let q = -2861 - -4044. What is the thousands digit of q?
1
Let f(u) = -u**3 + 4*u**2 + 4*u + 6. Let c be f(5). Let l be (0 - c)*200/(-5). What is the tens digit of (130/l)/((-2)/(-8))?
1
Let x = -42 - -47. Suppose -4*d + 322 = 2*u - 4*u, 2*u = -x*d + 398. What is the tens digit of d?
8
Let q = 979 + -381. What is the units digit of q?
8
Suppose -13*p + 8965 = 1516. What is the hundreds digit of p?
5
Suppose -p + 53 = -138. What is the hundreds digit of -2 + (-10)/(-5) + p?
1
Suppose 0 = t - q - 3*q - 291, 0 = -t - 2*q + 321. What is the tens digit of t?
1
Let h be ((-5)/4)/((-5)/60). What is the units digit of 0 + h - (13 + -10)?
2
What is the tens digit of 2 + 3 + -3 - -278?
8
Suppose -95 - 259 = -5*w + 4*m, 0 = -4*m - 4. Let c be -1 - -115*1*1. Let u = c - w. What is the units digit of u?
4
Let q(j) be the first derivative of 25*j**3/3 + j**2 - j - 1. Let r = -31 - -32. What is the tens digit of q(r)?
2
Suppose 5*z - 34 - 321 = 0. Suppose z = 3*t - 103. What is the tens digit of t?
5
Suppose -18 - 213 = 11*i. Suppose -2*s + 3*s + 1 = 0. Let o = s - i. What is the tens digit of o?
2
Suppose 5*b = -2*q - q + 69, 4*b = 0. Let s = q + 39. What is the tens digit of s?
6
Let t = 2 - -3. Suppose t*h + 96 = 6. Let i = 25 + h. What is the units digit of i?
7
Suppose 0 = 669*i - 663*i - 9342. What is the thousands digit of i?
1
Suppose 16*l + 865 = 17*l. What is the tens digit of l?
6
Suppose 3*m + 2*g + 0*g - 369 = 0, 5*m - 610 = -5*g. Let s = m - -207. What is the hundreds digit of s?
3
Suppose -1030 = -2*z - 5*i, -2*i = 2*z - 3*z + 524. What is the units digit of z?
0
Let r be (222/(-9))/((-4)/18). Let b be (-3)/(-3) + -2 - 0. What is the units digit of (b - 0)*r/(-3)?
7
Suppose -2*f + g + 1308 = 3*f, 5*f = -3*g + 1296. What is the hundreds digit of f?
2
Let d = -455 + 545. What is the units digit of d?
0
Suppose -2*y + 1880 = 2*f, -3*y + 2*f = -2285 - 510. What is the units digit of y?
5
What is the units digit of (-986)/(-6) + -4 + (-12)/(-18)?
1
Let t(a) = a**3 - 20*a**2 + 2*a - 18. Suppose -7*x + 5*x = -40. What is the tens digit of t(x)?
2
Let i = -64 + 81. Suppose 0 = -12*q + i*q - 410. What is the units digit of q?
2
Let v(i) = -115*i - 46. What is the units digit of v(-5)?
9
Let o be (-1)/(-2) + (-9)/(-2). Let g(p) = -8*p + 8. Let a(r) = -4*r + 3. Let n(v) = -9*a(v) + 4*g(v). What is the tens digit of n(o)?
2
Let k(p) = 30*p**2 - p - 5. Let f be k(4). Suppose 3*h - 114 = f. Suppose 0 = -6*g + g + h. What is the tens digit of g?
3
Suppose -u - 2*u + 168 = 0. Let g be (-1947)/118*4/6. Let v = u - g. What is the units digit of v?
7
Let r(g) = 18*g**2 + 8*g + 16. What is the tens digit of r(-4)?
7
Let l = 130 - 124. Let b(f) = 15*f + 6. What is the tens digit of b(l)?
9
Let v(q) = -19*q - 5. Let u(c) = -7*c**2 - 2*c - 2. Let h be u(-1). What is the tens digit of v(h)?
2
Let j be 56/42*(-1 - -4). What is the units digit of (-1 + j)/((-2)/(-34))?
1
Suppose 4*h - 852 = -3*x, 573 = 2*x - 0*x + h. What is the hundreds digit of x?
2
Suppose 2*w + 0*w = 4*f - 80, -3*f + w + 60 = 0. Suppose -4*i + f = -4*b, 5 = -4*i - 4*b + 1. Suppose 0 = -3*c - i*c + 15. What is the units digit of c?
3
Let o(f) = -51*f + 84. What is the tens digit of o(-10)?
9
What is the hundreds digit of 58080/45 + 2 + (-16)/6?
2
Suppose 5*b - 775 = -z, 56 + 85 = b + 3*z. What is the units digit of b?
6
Let f(l) = 38*l**2 + 6*l + 76. What is the thousands digit of f(6)?
1
Let q(x) = x - 9. Let j(w) = -w**2 - 11*w + 11. Let z be j(-8). Let n be 13/39 - z/(-3). What is the units digit of q(n)?
3
Let j = 1331 + -78